9 + y. Let i(k) = k**3 + 8*k**2 + 5*k - 7. Give i(h).
7
Let m = -94 + 103. Let v(s) = -s + 11. Give v(m).
2
Let y = -205 - -202. Let a(h) = h**3 + 2*h**2 - 4*h - 4. What is a(y)?
-1
Suppose 4 = 2*v - 14. Let o(x) = -v*x**2 - 4*x + 3*x + x**2 + 5*x**2. Determine o(-1).
-2
Let o(p) be the third derivative of 1/24*p**4 + 10*p**2 + 5/3*p**3 + 0 + 0*p. Let v(l) = l**2 - l. Let g be v(0). Calculate o(g).
10
Let m(d) = -2*d**2 - d - 3. Let t(w) = w**2 - w - 1. Let l(y) = -y**2 - 13*y - 29. Let q be l(-10). Let h(a) = q*m(a) + 3*t(a). What is h(7)?
15
Let j(v) = -118*v + 63*v + 2 + 56*v. What is j(3)?
5
Let m be (4 + 4)*-1 - 3. Let g = m - -9. Let j(r) be the second derivative of r**5/20 + r**2/2 + r. Calculate j(g).
-7
Let i(m) = 2*m - 13. Let f be i(8). Let g(c) = 0*c + 1 - c + c - 2*c**f. Let w be g(1). Let y(q) = 2*q**3 + q. What is y(w)?
-3
Let x(b) = -b**3 + 7*b**2 + 6*b + 11. Suppose 4*o = -2*v - 24 + 56, 0 = 2*v. Give x(o).
-5
Let i(v) = v**3 + v**2 - v. Let h(g) = 4*g**3 + 2*g**2 - 4*g - 7. Let r(x) = h(x) - 3*i(x). Let a(z) = z - 7. Let o be a(7). Calculate r(o).
-7
Suppose 4*n = 4*h + 28, 3*h + 2*n - 1 - 3 = 0. Let s = 15 + -12. Let i(d) = -d + 4*d + 5*d + s - 3*d. Calculate i(h).
-7
Let m(n) be the second derivative of n**2 + 1/3*n**4 + 1/2*n**3 + 12*n + 0. Calculate m(-2).
12
Let s = 16 - 9. Suppose -2*l = -s*l + 10. Let r(d) = 7*d + d - l*d. Calculate r(1).
6
Suppose d + d - 14 = 0. Let w(g) = 25*g - 27*g - 2*g**2 - 8*g**3 - 1 - d*g**3 + 6*g**3. Determine w(-1).
8
Suppose 2*y + 2*z + 6 = 0, y + 3 = -5*z - 0*z. Let p(o) = o + 1. Let c(k) = 8*k - 6*k - 1 + 4 - 1. Let j(x) = y*c(x) + 7*p(x). What is j(-7)?
-6
Let z(i) = 3*i + 44. Let q(j) = -j**3 - 3*j**2 + 8*j - 27. Let g be q(-5). Calculate z(g).
-7
Let o = -343 - -348. Let r(w) be the second derivative of w**4/6 - 7*w**3/6 - w**2 - 4*w. Calculate r(o).
13
Suppose -4 = -2*m + m. Let u(y) = -2 - 98*y**2 - 4*y + 200*y**2 - 101*y**2. Determine u(m).
-2
Let k(u) = -8*u**3 + 288*u - 149*u - 140*u. Calculate k(-1).
9
Let f(s) = -s**3 - 3*s**2 + 3*s. Let o(v) = v**3 + 3*v**2 - 3*v + 1. Let g(b) = -3*f(b) - 2*o(b). Suppose 0*n + 6*n = -24. What is g(n)?
-6
Let y(v) = 3*v**2 - 2*v + 4. Let j = -1774 - -1778. What is y(j)?
44
Let r(y) = -y**2 + y**2 - 6*y - 4 + 5 + 2*y**2. Let v(i) = -i**3 + 12*i**2 - 11*i + 4. Let g be v(11). Determine r(g).
9
Let z be -5 - (2/10 - 98/(-35)). Let b(f) = -9*f - 15 + 0*f + 3 - f**2. Give b(z).
-4
Suppose -x - 1 = -4*s - 0, 3*x - 2*s + 13 = 0. Let h(a) = -a**2 - 3*a - 3. What is h(x)?
-13
Let c(l) = 1. Let v(w) = -w - 1. Let a(p) = -5*c(p) - v(p). Let d(i) = -i**2 - 6*i + 5. Let k be d(-6). What is a(k)?
1
Let f = -18 - -22. Let b(x) = -x + 8. Give b(f).
4
Let n(f) be the first derivative of -2*f**2 + 6*f + 2. Let b = 1379 + -1375. Calculate n(b).
-10
Let w(l) = -9*l**2 + 37*l - 4. Let s be w(4). Let k(i) = -8 - 4*i + i**3 + i + 2*i. What is k(s)?
-8
Suppose m = 5*k - 230, -k - m = 2*k - 146. Suppose -5*z + q + k = 0, 5*q + 2 = -z + 1. Let j(h) = h**3 - 9*h**2 - 2*h + 10. What is j(z)?
-8
Let l(x) = 3*x + 458 + 457 + x**2 - 932. Give l(3).
1
Let h(k) be the second derivative of 7*k**3/3 + 10*k - 4. Calculate h(2).
28
Let w = -2 + 5. Let y(j) = -2*j**2 + 733*j - 730*j - 2*j**2 + 1 + 5*j**2. Calculate y(w).
19
Let p(d) = d**2 - 5*d + 3. Let m = 325 + -351. Let n(s) = -7*s**2 + s - 1. Let q be n(-2). Let z = m - q. Determine p(z).
3
Let q(g) be the first derivative of g**2/2 + 3*g + 4. Let r = 61 - 64. Determine q(r).
0
Let s = 1411 - 1404. Let f(m) be the first derivative of -m**4/4 + 2*m**3 + 3*m**2 + 4*m - 1. Determine f(s).
-3
Suppose h + 7 = -4*c - 9, 17 = -2*h - 5*c. Suppose h = 2*u - 2. Let w(b) = -2 + b + 1 - 2*b + b**u - b**2. Determine w(-2).
-11
Let n(x) = x - 2. Let j be n(7). Let u(a) = a**3 - 2*a**2 - 7*a + 5. Let h be u(4). Suppose j*s + 7 = -4*v, 0 = -5*s + 2*s - h. Let t(z) = -4*z. Determine t(v).
-8
Let q = -3 - 1. Let l(o) = 3*o**3 - 14*o**2 + 11*o + 11. Let u(w) = w**3 - 5*w**2 + 4*w + 4. Let p(h) = q*l(h) + 11*u(h). Calculate p(2).
-4
Let w = 710 - 708. Let i(y) = 3*y**3 + 3*y**2 - 3*y + 3. Calculate i(w).
33
Suppose 0 = 5*z - 10*z + y - 388, 5*z = -3*y - 396. Let p be (-4)/(-1 - 1)*39/z. Let n(u) = 6*u**3 + u**2 - u - 1. What is n(p)?
-5
Let u(s) = -6*s + 7. Suppose -6*r = -7*r + 5. What is u(r)?
-23
Let i(w) = 6*w**2 + 2 + 0*w**2 - 5 - 7*w**2 + 8 + 10*w. Give i(8).
21
Let t = 49 + -18. Let y = -26 + t. Let m(f) = 0 + 3 + 2 - f - 7. Determine m(y).
-7
Let t(u) be the first derivative of -u**3/3 - u**2/2 + 2*u - 1. Suppose y = -0*y - 5. Let q be (-17)/6 - 5/(-150)*y. Determine t(q).
-4
Suppose 20 = g - d, -2*g = -g - 4*d - 35. Let c(i) = g*i - 28 + i**2 - 7*i + 31. Determine c(-9).
12
Let i(o) be the first derivative of -o**3/3 + 2*o**2 + 3*o - 9. Let u be -1*4*-1*(-11)/22. Give i(u).
-9
Let t(h) = -h. Let b(i) = -i - 1. Let r be b(-2). Let y(n) = -10*n + 0*n + 6*n + 3 + 3. Let o(g) = r*y(g) - 5*t(g). Determine o(-3).
3
Suppose 0 = 5*h - 3 - 2. Let v be 1 + (2 + -1)*h. Let r(l) = 0*l**v + 4*l**2 + 2*l + 0*l. What is r(-2)?
12
Let w(y) = 10*y**2. Let k be 4 - (-28 - (4 + -1)). Suppose 4*o + 39 - k = 0. Give w(o).
10
Let z(n) = -n**3 + 8*n**2 - 4*n + 1. Suppose 2*t - 3*m + 115 = 135, -t + 3 = 2*m. Calculate z(t).
22
Let u(i) = -i - 1. Let v be (-3)/2*4/(-3). What is u(v)?
-3
Let c be 63/(-48)*(-8)/36. Let w(p) be the third derivative of 1/60*p**5 + 0 + 1/2*p**3 + 2*p**2 - c*p**4 + 0*p. Determine w(5).
-7
Let h(f) be the first derivative of 3*f**2 + 11 + f - f**2 - 3*f**2 + 8. Give h(-1).
3
Let i(v) = -3*v**3 - v**2. Let w be i(-1). Let c(r) = 12*r**w - 8*r**2 + r + 11*r**2. Let p be (-3)/(-12) + 10/(-8). Give c(p).
14
Let f be 7*(-15)/(-6 - -3). Let m = -30 + f. Let k(h) = h - 4. Calculate k(m).
1
Let f(w) = -23*w - 2*w + 18*w. Suppose -5*p + 2*n = 10, -3*n = -8*n. Let o = 1 + p. Determine f(o).
7
Let t(g) be the first derivative of 7*g**5/120 - g**4/24 + 23*g**3/3 - 28. Let w(v) be the third derivative of t(v). Give w(1).
6
Let r be -1*(-3 - -2 - 3). Suppose 0 = 5*s - 2*i - 0 - 14, -2*i = 3*s - 2. Suppose -6*n + r*n = -s. Let l(j) = -2*j**3 - 1. What is l(n)?
-3
Suppose 2*d + 3*d = -3*f + 38, -2*d - 10 = -3*f. Suppose -f*c + 2*c + 28 = 0. Let g(o) = -o + 13. Let r be g(c). Let m(k) = k - 1. What is m(r)?
5
Let u(w) be the second derivative of -w**5/20 + w**4/4 - w**3/2 + 2*w**2 + 49*w. What is u(4)?
-24
Let d(k) = k**3 - 17*k**2 + 14*k + 39. Let h be d(16). Let g(c) = 14*c**2 - 2*c. Let o(m) = 21*m**2 - 3*m. Let s(p) = h*g(p) - 5*o(p). What is s(2)?
-26
Let b = 41 + -39. Let o(j) = 10*j - 2*j - b*j. What is o(-1)?
-6
Let i be (0 + -2 + (-24)/(-18) + 1)*-24. Let g(b) = b**2 - 6 - b**2 + b**2 + 7*b. Give g(i).
2
Let l(t) = t**2 + 15*t + 56. Let x(r) = 21*r - 133. Let s be x(6). Give l(s).
0
Let b be (-4)/(18*8/252). Let m(l) = -l - 1. Let f(g) = 6*g + 10. Let c(r) = -2*f(r) - 10*m(r). Calculate c(b).
4
Let x = -102 - -11. Let s = x - -93. Let l(f) = f - 1. Let r(i) = 1. Let h(z) = -4*l(z) - r(z). Calculate h(s).
-5
Let j(a) be the first derivative of a**2/2 + 12*a - 206. Give j(-5).
7
Let t(k) be the first derivative of -k**3/3 + k**2 - 1. Let q(g) = -2*g + 12. Let i be q(-2). Suppose 0 = 5*d + 6 - i. What is t(d)?
0
Let n(z) be the second derivative of z**5/20 + z**4/4 + z**3/6 + z**2 - 2*z. Let o be (4 - (-3)/(-6))*4. Let v = -17 + o. Calculate n(v).
-1
Let s = 121 - 14. Suppose 106 - s = -p. Let g(i) = 24*i - 1. Calculate g(p).
23
Suppose 0 = 5*o - 58 + 73. Let y(l) = l**3 + 4*l**2. Determine y(o).
9
Let k(v) = 8*v + 4 + 0 - 5. Suppose 3*t - 7 = -j - 0*t, 0 = 2*j + t - 9. Suppose -3*f + j = 3*r + 1, 0 = 5*f - 10. Give k(r).
-9
Let h be (1 - 1) + 6/3. Suppose h*d = -3 - 7. Let q be ((-66)/55)/((-2)/d). Let y(w) = -w - 7. Determine y(q).
-4
Let f(v) = v**3 - 5*v**2 + 2. Let q(p) = -45*p**2 - 2*p. Let z be q(1). Let u = z - -49. Determine f(u).
-10
Let r(w) = -w**2 + 2*w + 2. Suppose -9 - 11 = 10*p. Determine r(p).
-6
Let q(j) = 2*j + 4. Suppose -5 = 5*k - 4*l + 2*l, 0 = -l - 5. Determine q(k).
-2
Let o = -12 - -10. Let z(k) = -13*k**2 - k**3 + 13*k**2 - 3 - 2*k. Calculate z(o).
9
Let w(x) be the second derivative of x**5/20 + 3*x**4/4 + x**3/6 + 9*x**2/2 + 177*x. Determine w(-9).
0
Let v(r) = r + 6. Suppose 24*k - 112 = -4*k. Determine v(k).
10
L